ds digit of 3579213?
7
What is the thousands digit of 1205123?
5
What is the ten thousands digit of 2053839?
5
What is the units digit of 2723645?
5
What is the tens digit of 297254?
5
What is the hundreds digit of 1091397?
3
What is the units digit of 774911?
1
What is the tens digit of 762979?
7
What is the hundred thousands digit of 677599?
6
What is the tens digit of 698637?
3
What is the hundred thousands digit of 653854?
6
What is the tens digit of 345398?
9
What is the units digit of 601004?
4
What is the units digit of 282075?
5
What is the tens digit of 733423?
2
What is the hundred thousands digit of 3405068?
4
What is the thousands digit of 3222803?
2
What is the tens digit of 5203672?
7
What is the ten thousands digit of 4920572?
2
What is the thousands digit of 384877?
4
What is the hundreds digit of 1276160?
1
What is the ten thousands digit of 1664455?
6
What is the millions digit of 12779168?
2
What is the hundreds digit of 1267742?
7
What is the thousands digit of 7712233?
2
What is the units digit of 803677?
7
What is the tens digit of 2679104?
0
What is the tens digit of 38107?
0
What is the thousands digit of 1112791?
2
What is the ten thousands digit of 500521?
0
What is the hundreds digit of 33334043?
0
What is the ten thousands digit of 546558?
4
What is the millions digit of 6508177?
6
What is the units digit of 161459?
9
What is the ten thousands digit of 5575812?
7
What is the tens digit of 389768?
6
What is the ten thousands digit of 311774?
1
What is the thousands digit of 769662?
9
What is the ten thousands digit of 7244618?
4
What is the hundreds digit of 497044?
0
What is the thousands digit of 5293962?
3
What is the hundreds digit of 378152?
1
What is the units digit of 234414?
4
What is the ten thousands digit of 844019?
4
What is the tens digit of 599716?
1
What is the hundreds digit of 885194?
1
What is the ten thousands digit of 13269?
1
What is the tens digit of 665599?
9
What is the units digit of 505375?
5
What is the units digit of 287626?
6
What is the units digit of 5636759?
9
What is the ten thousands digit of 336585?
3
What is the tens digit of 882306?
0
What is the hundreds digit of 42557?
5
What is the millions digit of 2122217?
2
What is the ten thousands digit of 528285?
2
What is the hundred thousands digit of 623329?
6
What is the tens digit of 6265521?
2
What is the ten thousands digit of 5898249?
9
What is the hundred thousands digit of 7279083?
2
What is the thousands digit of 4320717?
0
What is the hundred thousands digit of 373771?
3
What is the units digit of 75117?
7
What is the units digit of 589304?
4
What is the ten thousands digit of 2865147?
6
What is the tens digit of 111439?
3
What is the units digit of 2485403?
3
What is the millions digit of 3403726?
3
What is the hundred thousands digit of 2023201?
0
What is the thousands digit of 279208?
9
What is the units digit of 339267?
7
What is the hundred thousands digit of 3290782?
2
What is the units digit of 1146114?
4
What is the thousands digit of 1754783?
4
What is the hundred thousands digit of 1255325?
2
What is the tens digit of 770906?
0
What is the ten thousands digit of 479065?
7
What is the hundreds digit of 3075405?
4
What is the hundred thousands digit of 2083914?
0
What is the thousands digit of 548193?
8
What is the ten thousands digit of 3211821?
1
What is the tens digit of 219420?
2
What is the thousands digit of 3937223?
7
What is the units digit of 1486247?
7
What is the tens digit of 423752?
5
What is the hundred thousands digit of 4020090?
0
What is the units digit of 1281261?
1
What is the ten thousands digit of 2071782?
7
What is the tens digit of 428279?
7
What is the hundreds digit of 192635?
6
What is the ten thousands digit of 11199859?
9
What is the thousands digit of 1605371?
5
What is the ten thousands digit of 498921?
9
What is the hundreds digit of 813910?
9
What is the hundreds digit of 94424?
4
What is the thousands digit of 219260?
9
What is the hundreds digit of 281028?
0
What is the tens digit of 193718?
1
What is the thousands digit of 240815?
0
What is the hundreds digit of 741613?
6
What is the ten thousands digit of 1084949?
8
What is the millions digit of 10236181?
0
What is the tens digit of 20413699?
9
What is the ten thousands digit of 4900547?
0
What is the hundred thousands digit of 21435367?
4
What is the thousands digit of 531342?
1
What is the ten thousands digit of 974385?
7
What is the ten thousands digit of 114293?
1
What is the tens digit of 6559683?
8
What is the units digit of 6069285?
5
What is the hundred thousands digit of 2437766?
4
What is the thousands digit of 453425?
3
What is the millions digit of 3905096?
3
What is the ten thousands digit of 191215?
9
What is the thousands digit of 142222?
2
What is the hundreds digit of 3601860?
8
What is the tens digit of 9959306?
0
What is the tens digit of 19546676?
7
What is the ten thousands digit of 386654?
8
What is the thousands digit of 2591048?
1
What is the thousands digit of 2243707?
3
What is the hundred thousands digit of 7261499?
2
What is the hundreds digit of 35328175?
1
What is the millions digit of 1621086?
1
What is the millions digit of 1195542?
1
What is the hundred thousands digit of 138035?
1
What is the units digit of 11312414?
4
What is the units digit of 100336?
6
What is the tens digit of 1081970?
7
What is the hundred thousands digit of 5271037?
2
What is the ten thousands digit of 13620948?
2
What is the tens digit of 5287486?
8
What is the thousands digit of 31094?
1
What is the thousands digit of 913506?
3
What is the thousands digit of 634265?
4
What is the tens digit of 341281?
8
What is the tens digit of 2835603?
0
What is the thousands digit of 174745?
4
What is the hundreds digit of 20599361?
3
What is the hundred thousands digit of 3250578?
2
What is the tens digit of 597092?
9
What is the hundreds digit of 237879?
8
What is the units digit of 3523688?
8
What is the hundreds digit of 306896?
8
What is the units digit of 265435?
5
What is the hundred thousands digit of 9128314?
1
What is the hundreds digit of 802995?
9
What is the hundred thousands digit of 4747950?
7
What is the tens digit of 373622?
2
What is the units digit of 179879?
9
What is the tens digit of 15189558?
5
What is the hundred thousands digit of 3951320?
9
What is the hundred thousands digit of 1118203?
1
What is the hundred thousands digit of 693854?
6
What is the tens digit of 3661029?
2
What is the ten thousands digit of 96768?
9
What is the thousands digit of 302263?
2
What is the ten thousands digit of 193255?
9
What is the hundreds digit of 385738?
7
What is the tens digit of 1307256?
5
What is the ten thousands digit of 1961092?
6
What is the hundred thousands digit of 291452?
2
What is the hundreds digit of 108111?
1
What is the tens digit of 1122466?
6
What is the tens digit of 295313?
1
What is the tens digit of 385499?
9
What is the thousands digit of 392454?
2
What is the millions digit of 1164177?
1
What is the ten thousands digit of 3528759?
2
What is the units digit of 10657155?
5
What is the millions digit of 1292398?
1
What is the thousands digit of 1614568?
4
What is the ten thousands digit of 1255433?
5
What is the tens digit of 383292?
9
What is the ten thousands digit of 2975900?
7
What is the thousands digit of 232791?
2
What is the ten thousands digit of 4945793?
4
What is the thousands digit of 1013184?
3
What is the thousands digit of 682996?
2
What is the units digit of 1046870?
0
What is the millions digit of 4562983?
4
What is the tens digit of 235793?
9
What is the ten thousands digit of 1779125?
7
What is the thousands digit of 153957?
3
What is the hundred thousands digit of 1869374?
8
What is the thousands digit of 339336?
9
What is the ten thousands digit of 4445132?
4
What is the units digit of 2810636?
6
What is the millions digit of 2222603?
2
What is the ten thousands digit of 7522984?
2
What is the millions digit of 1832095?
1
What is the ten thousands digit of 10181544?
8
What is the units digit of 379267?
7
What is the tens digit of 2476549?
4
What is the ten thousands digit of 11535155?
3
What is the thousands digit of 6298935?
8
What is the hundreds digit of 1672954?
9
What is the hu